{"id":16,"date":"2020-02-15T10:36:55","date_gmt":"2020-02-15T10:36:55","guid":{"rendered":"https:\/\/the7.io\/logistics\/?page_id=16"},"modified":"2021-09-30T04:32:17","modified_gmt":"2021-09-30T04:32:17","slug":"logistic-services","status":"publish","type":"page","link":"https:\/\/www.mpl2.fr\/index.php\/logistic-services\/","title":{"rendered":"Prestations"},"content":{"rendered":"\t\t<div data-elementor-type=\"wp-page\" data-elementor-id=\"16\" class=\"elementor elementor-16\" data-elementor-settings=\"[]\">\n\t\t\t\t\t\t\t<div class=\"elementor-section-wrap\">\n\t\t\t\t\t\t\t<section class=\"elementor-section elementor-top-section elementor-element elementor-element-6ab4763 elementor-section-content-middle elementor-section-boxed elementor-section-height-default elementor-section-height-default\" data-id=\"6ab4763\" data-element_type=\"section\">\n\t\t\t\t\t\t<div class=\"elementor-container elementor-column-gap-no\">\n\t\t\t\t\t<div class=\"elementor-column elementor-col-50 elementor-top-column elementor-element elementor-element-4932b906\" data-id=\"4932b906\" data-element_type=\"column\">\n\t\t\t<div class=\"elementor-widget-wrap elementor-element-populated\">\n\t\t\t\t\t\t\t\t<div class=\"elementor-element elementor-element-38b594f9 elementor-widget elementor-widget-heading\" data-id=\"38b594f9\" data-element_type=\"widget\" data-widget_type=\"heading.default\">\n\t\t\t\t<div class=\"elementor-widget-container\">\n\t\t\t<h2 class=\"elementor-heading-title elementor-size-default\">Nos prestations<\/h2>\t\t<\/div>\n\t\t\t\t<\/div>\n\t\t\t\t\t<\/div>\n\t\t<\/div>\n\t\t\t\t<div class=\"elementor-column elementor-col-50 elementor-top-column elementor-element elementor-element-15e1879b\" data-id=\"15e1879b\" data-element_type=\"column\">\n\t\t\t<div class=\"elementor-widget-wrap elementor-element-populated\">\n\t\t\t\t\t\t\t\t<div class=\"elementor-element elementor-element-6a6348dc elementor-widget elementor-widget-heading\" data-id=\"6a6348dc\" data-element_type=\"widget\" data-widget_type=\"heading.default\">\n\t\t\t\t<div class=\"elementor-widget-container\">\n\t\t\t<h3 class=\"elementor-heading-title elementor-size-default\">Tout un panel de services afin de r\u00e9pondre<br>\u00e0 vos attentes<\/h3>\t\t<\/div>\n\t\t\t\t<\/div>\n\t\t\t\t\t<\/div>\n\t\t<\/div>\n\t\t\t\t\t\t\t<\/div>\n\t\t<\/section>\n\t\t\t\t<section class=\"elementor-section elementor-top-section elementor-element elementor-element-62466e7 elementor-section-boxed elementor-section-height-default elementor-section-height-default\" data-id=\"62466e7\" data-element_type=\"section\">\n\t\t\t\t\t\t<div class=\"elementor-container elementor-column-gap-wider\">\n\t\t\t\t\t<div class=\"elementor-column elementor-col-100 elementor-top-column elementor-element elementor-element-f0ae12a\" data-id=\"f0ae12a\" data-element_type=\"column\">\n\t\t\t<div class=\"elementor-widget-wrap elementor-element-populated\">\n\t\t\t\t\t\t\t\t<div class=\"elementor-element elementor-element-c1ad2aa elementor-widget elementor-widget-the7_elements\" data-id=\"c1ad2aa\" data-element_type=\"widget\" data-widget_type=\"the7_elements.default\">\n\t\t\t\t<div class=\"elementor-widget-container\">\n\t\t\t<div  class=\"portfolio-shortcode the7-elementor-widget the7_elements-c1ad2aa mode-grid dt-css-grid-wrap classic-layout-list description-under-image enable-pagination-scroll meta-info-off content-bg-on resize-by-browser-width widget-with-filter loading-effect-fall-perspective jquery-filter\"  data-padding=\"10px\" data-cur-page=\"1\" data-post-limit=\"9\" data-pagination-mode=\"pages\" data-scroll-offset=\"0\" data-mobile-columns-num=\"1\" data-tablet-columns-num=\"2\" data-desktop-columns-num=\"3\" data-wide-desktop-columns-num=\"3\"><div class=\"iso-filter filter-decorations css-grid-filter extras-off filter filter-pointer-default filter-underline-decoration\"><div class=\"filter-categories\" data-default-order=\"\" data-default-orderby=\"\"><a href=\"https:\/\/www.mpl2.fr\/index.php\/logistic-services\/\" class=\"show-all filter-item act\" data-filter=\"*\">View all<\/a><a href=\"https:\/\/www.mpl2.fr\/index.php\/logistic-services\/?term=lavage-citerne\" class=\"filter-item lavage-citerne\" data-filter=\".category-25\">Lavage Ext\u00e9rieur par nos soins<\/a><a href=\"https:\/\/www.mpl2.fr\/index.php\/logistic-services\/?term=lavage-manuel\" class=\"filter-item lavage-manuel\" data-filter=\".category-23\">Lavage Int\u00e9rieur mis \u00e0 disposition<\/a><a href=\"https:\/\/www.mpl2.fr\/index.php\/logistic-services\/?term=lavage-portique\" class=\"filter-item lavage-portique\" data-filter=\".category-24\">Lavage Int\u00e9rieur par nos soins<\/a><\/div><\/div><div class=\"dt-css-grid custom-pagination-handler\"><div class=\"visible wf-cell category-25\" data-post-id=\"2465\" data-date=\"2021-07-21T14:38:29+00:00\" data-name=\"Tracteur Seul\"><article class=\"post visible post-2465 dt_portfolio type-dt_portfolio status-publish has-post-thumbnail hentry dt_portfolio_category-lavage-citerne dt_portfolio_category-25 description-off\" data-name=\"Tracteur Seul\" data-date=\"2021-07-21T14:38:29+00:00\">\n\n\t<div class=\"post-thumbnail-wrap \">\n\t\t<div class=\"post-thumbnail\">\n\n\t\t\t<a href=\"https:\/\/www.mpl2.fr\/wp-content\/uploads\/2021\/07\/IMGP1085.jpg\" class=\"post-thumbnail-rollover not-clickable-item layzr-bg\" aria-label=\"Image article\" rel=\"nofollow\"><img loading=\"lazy\" decoding=\"async\" class=\"preload-me lazy-load\" src=\"data:image\/svg+xml,%3Csvg%20xmlns%3D&#39;http%3A%2F%2Fwww.w3.org%2F2000%2Fsvg&#39;%20viewBox%3D&#39;0%200%20768%20512&#39;%2F%3E\" data-src=\"https:\/\/www.mpl2.fr\/wp-content\/uploads\/2021\/07\/IMGP1085-768x512.jpg\" data-srcset=\"https:\/\/www.mpl2.fr\/wp-content\/uploads\/2021\/07\/IMGP1085-768x512.jpg 768w, https:\/\/www.mpl2.fr\/wp-content\/uploads\/2021\/07\/IMGP1085-1024x682.jpg 1024w\" alt=\"\" title=\"IMGP1085\" width=\"768\" height=\"512\"  \/><\/a>\n\t\t<\/div>\n\t<\/div>\n\n\n<div class=\"post-entry-content\">\n\n\t<h3 class=\"ele-entry-title\"><a title=\"Tracteur Seul\">Tracteur Seul<\/a><\/h3>\n<\/div><\/article><\/div><div class=\"visible wf-cell category-25\" data-post-id=\"2456\" data-date=\"2021-07-21T14:36:00+00:00\" data-name=\"TR + SR Benne ou Citerne\"><article class=\"post visible post-2456 dt_portfolio type-dt_portfolio status-publish has-post-thumbnail hentry dt_portfolio_category-lavage-citerne dt_portfolio_category-25 description-off\" data-name=\"TR + SR Benne ou Citerne\" data-date=\"2021-07-21T14:36:00+00:00\">\n\n\t<div class=\"post-thumbnail-wrap \">\n\t\t<div class=\"post-thumbnail\">\n\n\t\t\t<a href=\"https:\/\/www.mpl2.fr\/wp-content\/uploads\/2021\/07\/FB_IMG_1632896342284.jpg\" class=\"post-thumbnail-rollover not-clickable-item layzr-bg\" aria-label=\"Image article\" rel=\"nofollow\"><img loading=\"lazy\" decoding=\"async\" class=\"preload-me lazy-load\" src=\"data:image\/svg+xml,%3Csvg%20xmlns%3D&#39;http%3A%2F%2Fwww.w3.org%2F2000%2Fsvg&#39;%20viewBox%3D&#39;0%200%20768%20512&#39;%2F%3E\" data-src=\"https:\/\/www.mpl2.fr\/wp-content\/uploads\/2021\/07\/FB_IMG_1632896342284-768x512.jpg\" data-srcset=\"https:\/\/www.mpl2.fr\/wp-content\/uploads\/2021\/07\/FB_IMG_1632896342284-768x512.jpg 768w, https:\/\/www.mpl2.fr\/wp-content\/uploads\/2021\/07\/FB_IMG_1632896342284-960x640.jpg 960w\" alt=\"\" title=\"FB_IMG_1632896342284\" width=\"768\" height=\"512\"  \/><\/a>\n\t\t<\/div>\n\t<\/div>\n\n\n<div class=\"post-entry-content\">\n\n\t<h3 class=\"ele-entry-title\"><a title=\"TR + SR Benne ou Citerne\">TR + SR Benne ou Citerne<\/a><\/h3>\n<\/div><\/article><\/div><div class=\"visible wf-cell category-25\" data-post-id=\"2453\" data-date=\"2021-07-21T14:32:59+00:00\" data-name=\"TR + SR Fourgon Bach\u00e9 et Frigo\"><article class=\"post visible post-2453 dt_portfolio type-dt_portfolio status-publish has-post-thumbnail hentry dt_portfolio_category-lavage-citerne dt_portfolio_category-25 description-off\" data-name=\"TR + SR Fourgon Bach\u00e9 et Frigo\" data-date=\"2021-07-21T14:32:59+00:00\">\n\n\t<div class=\"post-thumbnail-wrap \">\n\t\t<div class=\"post-thumbnail\">\n\n\t\t\t<a href=\"https:\/\/www.mpl2.fr\/wp-content\/uploads\/2021\/07\/FB_IMG_1632896463615.jpg\" class=\"post-thumbnail-rollover not-clickable-item layzr-bg\" aria-label=\"Image article\" rel=\"nofollow\"><img loading=\"lazy\" decoding=\"async\" class=\"preload-me lazy-load\" src=\"data:image\/svg+xml,%3Csvg%20xmlns%3D&#39;http%3A%2F%2Fwww.w3.org%2F2000%2Fsvg&#39;%20viewBox%3D&#39;0%200%20720%20480&#39;%2F%3E\" data-src=\"https:\/\/www.mpl2.fr\/wp-content\/uploads\/2021\/07\/FB_IMG_1632896463615-720x480.jpg\" data-srcset=\"https:\/\/www.mpl2.fr\/wp-content\/uploads\/2021\/07\/FB_IMG_1632896463615-720x480.jpg 720w\" alt=\"\" title=\"FB_IMG_1632896463615\" width=\"720\" height=\"480\"  \/><\/a>\n\t\t<\/div>\n\t<\/div>\n\n\n<div class=\"post-entry-content\">\n\n\t<h3 class=\"ele-entry-title\"><a title=\"TR + SR Fourgon Bach\u00e9 et Frigo\">TR + SR Fourgon Bach\u00e9 et Frigo<\/a><\/h3>\n<\/div><\/article><\/div><div class=\"visible wf-cell category-25\" data-post-id=\"2450\" data-date=\"2021-07-21T14:29:37+00:00\" data-name=\"Porteur\"><article class=\"post visible post-2450 dt_portfolio type-dt_portfolio status-publish has-post-thumbnail hentry dt_portfolio_category-lavage-citerne dt_portfolio_category-25 description-off\" data-name=\"Porteur\" data-date=\"2021-07-21T14:29:37+00:00\">\n\n\t<div class=\"post-thumbnail-wrap \">\n\t\t<div class=\"post-thumbnail\">\n\n\t\t\t<a href=\"https:\/\/www.mpl2.fr\/wp-content\/uploads\/2021\/07\/unnamed.jpg\" class=\"post-thumbnail-rollover not-clickable-item layzr-bg\" aria-label=\"Image article\" rel=\"nofollow\"><img loading=\"lazy\" decoding=\"async\" class=\"preload-me lazy-load\" src=\"data:image\/svg+xml,%3Csvg%20xmlns%3D&#39;http%3A%2F%2Fwww.w3.org%2F2000%2Fsvg&#39;%20viewBox%3D&#39;0%200%20445%20297&#39;%2F%3E\" data-src=\"https:\/\/www.mpl2.fr\/wp-content\/uploads\/2021\/07\/unnamed-445x297.jpg\" data-srcset=\"https:\/\/www.mpl2.fr\/wp-content\/uploads\/2021\/07\/unnamed-445x297.jpg 445w\" alt=\"\" title=\"unnamed\" width=\"445\" height=\"297\"  \/><\/a>\n\t\t<\/div>\n\t<\/div>\n\n\n<div class=\"post-entry-content\">\n\n\t<h3 class=\"ele-entry-title\"><a title=\"Porteur\">Porteur<\/a><\/h3>\n<\/div><\/article><\/div><div class=\"visible wf-cell category-25\" data-post-id=\"2445\" data-date=\"2021-07-21T14:19:51+00:00\" data-name=\"Camionette\"><article class=\"post visible post-2445 dt_portfolio type-dt_portfolio status-publish has-post-thumbnail hentry dt_portfolio_category-lavage-citerne dt_portfolio_category-25 description-off\" data-name=\"Camionette\" data-date=\"2021-07-21T14:19:51+00:00\">\n\n\t<div class=\"post-thumbnail-wrap \">\n\t\t<div class=\"post-thumbnail\">\n\n\t\t\t<a href=\"https:\/\/www.mpl2.fr\/wp-content\/uploads\/2021\/07\/camionette-redux.jpg\" class=\"post-thumbnail-rollover not-clickable-item layzr-bg\" aria-label=\"Image article\" rel=\"nofollow\"><img loading=\"lazy\" decoding=\"async\" class=\"preload-me lazy-load\" src=\"data:image\/svg+xml,%3Csvg%20xmlns%3D&#39;http%3A%2F%2Fwww.w3.org%2F2000%2Fsvg&#39;%20viewBox%3D&#39;0%200%20748%20498&#39;%2F%3E\" data-src=\"https:\/\/www.mpl2.fr\/wp-content\/uploads\/2021\/07\/camionette-redux-748x498.jpg\" data-srcset=\"https:\/\/www.mpl2.fr\/wp-content\/uploads\/2021\/07\/camionette-redux-748x498.jpg 748w\" alt=\"\" title=\"camionette redux\" width=\"748\" height=\"498\"  \/><\/a>\n\t\t<\/div>\n\t<\/div>\n\n\n<div class=\"post-entry-content\">\n\n\t<h3 class=\"ele-entry-title\"><a title=\"Camionette\">Camionette<\/a><\/h3>\n<\/div><\/article><\/div><div class=\"visible wf-cell category-23\" data-post-id=\"2442\" data-date=\"2021-07-21T14:17:02+00:00\" data-name=\"Int\u00e9rieur Frigo\"><article class=\"post visible post-2442 dt_portfolio type-dt_portfolio status-publish has-post-thumbnail hentry dt_portfolio_category-lavage-manuel dt_portfolio_category-23 description-off\" data-name=\"Int\u00e9rieur Frigo\" data-date=\"2021-07-21T14:17:02+00:00\">\n\n\t<div class=\"post-thumbnail-wrap \">\n\t\t<div class=\"post-thumbnail\">\n\n\t\t\t<a href=\"https:\/\/www.mpl2.fr\/wp-content\/uploads\/2021\/07\/SR2_GREENLINER_3.jpg\" class=\"post-thumbnail-rollover not-clickable-item layzr-bg\" aria-label=\"Image article\" rel=\"nofollow\"><img loading=\"lazy\" decoding=\"async\" class=\"preload-me lazy-load\" src=\"data:image\/svg+xml,%3Csvg%20xmlns%3D&#39;http%3A%2F%2Fwww.w3.org%2F2000%2Fsvg&#39;%20viewBox%3D&#39;0%200%20560%20373&#39;%2F%3E\" data-src=\"https:\/\/www.mpl2.fr\/wp-content\/uploads\/2021\/07\/SR2_GREENLINER_3-560x373.jpg\" data-srcset=\"https:\/\/www.mpl2.fr\/wp-content\/uploads\/2021\/07\/SR2_GREENLINER_3-560x373.jpg 560w\" alt=\"\" title=\"SR2_GREENLINER_3\" width=\"560\" height=\"373\"  \/><\/a>\n\t\t<\/div>\n\t<\/div>\n\n\n<div class=\"post-entry-content\">\n\n\t<h3 class=\"ele-entry-title\"><a title=\"Int\u00e9rieur Frigo\">Int\u00e9rieur Frigo<\/a><\/h3>\n<\/div><\/article><\/div><div class=\"visible wf-cell category-23\" data-post-id=\"2432\" data-date=\"2021-07-21T14:11:10+00:00\" data-name=\"Int\u00e9rieur Citerne (mis \u00e0 disposition avec s\u00e9choir)\"><article class=\"post visible post-2432 dt_portfolio type-dt_portfolio status-publish has-post-thumbnail hentry dt_portfolio_category-lavage-manuel dt_portfolio_category-23 description-off\" data-name=\"Int\u00e9rieur Citerne (mis \u00e0 disposition avec s\u00e9choir)\" data-date=\"2021-07-21T14:11:10+00:00\">\n\n\t<div class=\"post-thumbnail-wrap \">\n\t\t<div class=\"post-thumbnail\">\n\n\t\t\t<a href=\"https:\/\/www.mpl2.fr\/wp-content\/uploads\/2021\/07\/IMGP1676.jpg\" class=\"post-thumbnail-rollover not-clickable-item layzr-bg\" aria-label=\"Image article\" rel=\"nofollow\"><img loading=\"lazy\" decoding=\"async\" class=\"preload-me lazy-load\" src=\"data:image\/svg+xml,%3Csvg%20xmlns%3D&#39;http%3A%2F%2Fwww.w3.org%2F2000%2Fsvg&#39;%20viewBox%3D&#39;0%200%20768%20512&#39;%2F%3E\" data-src=\"https:\/\/www.mpl2.fr\/wp-content\/uploads\/2021\/07\/IMGP1676-768x512.jpg\" data-srcset=\"https:\/\/www.mpl2.fr\/wp-content\/uploads\/2021\/07\/IMGP1676-768x512.jpg 768w, https:\/\/www.mpl2.fr\/wp-content\/uploads\/2021\/07\/IMGP1676-1024x682.jpg 1024w\" alt=\"\" title=\"IMGP1676\" width=\"768\" height=\"512\"  \/><\/a>\n\t\t<\/div>\n\t<\/div>\n\n\n<div class=\"post-entry-content\">\n\n\t<h3 class=\"ele-entry-title\"><a title=\"Int\u00e9rieur Citerne (mis \u00e0 disposition avec s\u00e9choir)\">Int\u00e9rieur Citerne (mis \u00e0 disposition avec s\u00e9choir)<\/a><\/h3>\n<\/div><\/article><\/div><div class=\"visible wf-cell category-23\" data-post-id=\"2429\" data-date=\"2021-07-21T14:09:45+00:00\" data-name=\"Int\u00e9rieur Benne\"><article class=\"post visible post-2429 dt_portfolio type-dt_portfolio status-publish has-post-thumbnail hentry dt_portfolio_category-lavage-manuel dt_portfolio_category-23 description-off\" data-name=\"Int\u00e9rieur Benne\" data-date=\"2021-07-21T14:09:45+00:00\">\n\n\t<div class=\"post-thumbnail-wrap \">\n\t\t<div class=\"post-thumbnail\">\n\n\t\t\t<a href=\"https:\/\/www.mpl2.fr\/wp-content\/uploads\/2021\/07\/marolles_poids_lourds_2-9.jpg\" class=\"post-thumbnail-rollover not-clickable-item layzr-bg\" aria-label=\"Image article\" rel=\"nofollow\"><img loading=\"lazy\" decoding=\"async\" class=\"preload-me lazy-load\" src=\"data:image\/svg+xml,%3Csvg%20xmlns%3D&#39;http%3A%2F%2Fwww.w3.org%2F2000%2Fsvg&#39;%20viewBox%3D&#39;0%200%20768%20512&#39;%2F%3E\" data-src=\"https:\/\/www.mpl2.fr\/wp-content\/uploads\/2021\/07\/marolles_poids_lourds_2-9-768x512.jpg\" data-srcset=\"https:\/\/www.mpl2.fr\/wp-content\/uploads\/2021\/07\/marolles_poids_lourds_2-9-768x512.jpg 768w, https:\/\/www.mpl2.fr\/wp-content\/uploads\/2021\/07\/marolles_poids_lourds_2-9-1152x768.jpg 1152w\" alt=\"\" title=\"marolles_poids_lourds_2-9\" width=\"768\" height=\"512\"  \/><\/a>\n\t\t<\/div>\n\t<\/div>\n\n\n<div class=\"post-entry-content\">\n\n\t<h3 class=\"ele-entry-title\"><a title=\"Int\u00e9rieur Benne\">Int\u00e9rieur Benne<\/a><\/h3>\n<\/div><\/article><\/div><div class=\"visible wf-cell category-24\" data-post-id=\"2397\" data-date=\"2021-07-21T13:47:12+00:00\" data-name=\"Lavage + S\u00e9chage Citerne (t\u00eate rotative)\"><article class=\"post visible post-2397 dt_portfolio type-dt_portfolio status-publish has-post-thumbnail hentry dt_portfolio_category-lavage-portique dt_portfolio_category-24 description-off\" data-name=\"Lavage + S\u00e9chage Citerne (t\u00eate rotative)\" data-date=\"2021-07-21T13:47:12+00:00\">\n\n\t<div class=\"post-thumbnail-wrap \">\n\t\t<div class=\"post-thumbnail\">\n\n\t\t\t<a href=\"https:\/\/www.mpl2.fr\/wp-content\/uploads\/2021\/07\/187907288_5928546983830009_2302545620580013810_n.jpg\" class=\"post-thumbnail-rollover not-clickable-item layzr-bg\" aria-label=\"Image article\" rel=\"nofollow\"><img loading=\"lazy\" decoding=\"async\" class=\"preload-me lazy-load\" src=\"data:image\/svg+xml,%3Csvg%20xmlns%3D&#39;http%3A%2F%2Fwww.w3.org%2F2000%2Fsvg&#39;%20viewBox%3D&#39;0%200%20720%20480&#39;%2F%3E\" data-src=\"https:\/\/www.mpl2.fr\/wp-content\/uploads\/2021\/07\/187907288_5928546983830009_2302545620580013810_n-720x480.jpg\" data-srcset=\"https:\/\/www.mpl2.fr\/wp-content\/uploads\/2021\/07\/187907288_5928546983830009_2302545620580013810_n-720x480.jpg 720w\" alt=\"\" title=\"187907288_5928546983830009_2302545620580013810_n\" width=\"720\" height=\"480\"  \/><\/a>\n\t\t<\/div>\n\t<\/div>\n\n\n<div class=\"post-entry-content\">\n\n\t<h3 class=\"ele-entry-title\"><a title=\"Lavage + S\u00e9chage Citerne (t\u00eate rotative)\">Lavage + S\u00e9chage Citerne (t\u00eate rotative)<\/a><\/h3>\n<\/div><\/article><\/div><\/div><!-- iso-container|iso-grid --><div class=\"paginator filter-decorations filter-pointer-underline filter-animation-fade\" role=\"navigation\"><\/div><\/div>\t\t<\/div>\n\t\t\t\t<\/div>\n\t\t\t\t\t<\/div>\n\t\t<\/div>\n\t\t\t\t\t\t\t<\/div>\n\t\t<\/section>\n\t\t\t\t<section class=\"elementor-section elementor-top-section elementor-element elementor-element-30e28c2 elementor-section-stretched elementor-section-full_width elementor-section-height-default elementor-section-height-default\" data-id=\"30e28c2\" data-element_type=\"section\" data-settings=\"{&quot;stretch_section&quot;:&quot;section-stretched&quot;}\">\n\t\t\t\t\t\t<div class=\"elementor-container elementor-column-gap-no\">\n\t\t\t\t\t<div class=\"elementor-column elementor-col-100 elementor-top-column elementor-element elementor-element-41480e31\" data-id=\"41480e31\" data-element_type=\"column\">\n\t\t\t<div class=\"elementor-widget-wrap elementor-element-populated\">\n\t\t\t\t\t\t\t\t<div class=\"elementor-element elementor-element-7967fe31 elementor-widget-divider--separator-type-pattern elementor-widget-divider--view-line elementor-widget elementor-widget-divider\" data-id=\"7967fe31\" data-element_type=\"widget\" data-widget_type=\"divider.default\">\n\t\t\t\t<div class=\"elementor-widget-container\">\n\t\t\t\t\t<div class=\"elementor-divider\" style=\"--divider-pattern-url: url(&quot;data:image\/svg+xml,%3Csvg xmlns=&#039;http:\/\/www.w3.org\/2000\/svg&#039; preserveAspectRatio=&#039;none&#039; overflow=&#039;visible&#039; height=&#039;100%&#039; viewBox=&#039;0 0 20 16&#039; fill=&#039;none&#039; stroke=&#039;black&#039; stroke-width=&#039;3&#039; stroke-linecap=&#039;square&#039; stroke-miterlimit=&#039;10&#039;%3E%3Cg transform=&#039;translate(-12.000000, 0)&#039;%3E%3Cpath d=&#039;M28,0L10,18&#039;\/%3E%3Cpath d=&#039;M18,0L0,18&#039;\/%3E%3Cpath d=&#039;M48,0L30,18&#039;\/%3E%3Cpath d=&#039;M38,0L20,18&#039;\/%3E%3C\/g%3E%3C\/svg%3E&quot;);\">\n\t\t\t<span class=\"elementor-divider-separator\">\n\t\t\t\t\t\t<\/span>\n\t\t<\/div>\n\t\t\t\t<\/div>\n\t\t\t\t<\/div>\n\t\t\t\t\t<\/div>\n\t\t<\/div>\n\t\t\t\t\t\t\t<\/div>\n\t\t<\/section>\n\t\t\t\t\t\t<\/div>\n\t\t\t\t\t<\/div>\n\t\t","protected":false},"excerpt":{"rendered":"<p>Nos prestations Tout un panel de services afin de r\u00e9pondre\u00e0 vos attentes View allLavage Ext\u00e9rieur par nos soinsLavage Int\u00e9rieur mis \u00e0 dispositionLavage Int\u00e9rieur par nos soins Tracteur Seul TR + SR Benne ou Citerne TR + SR Fourgon Bach\u00e9 et Frigo Porteur Camionette Int\u00e9rieur Frigo Int\u00e9rieur Citerne (mis \u00e0 disposition avec s\u00e9choir) Int\u00e9rieur Benne Lavage&hellip;<\/p>\n","protected":false},"author":1,"featured_media":2321,"parent":0,"menu_order":40,"comment_status":"closed","ping_status":"closed","template":"elementor_header_footer","meta":[],"class_list":["post-16","page","type-page","status-publish","has-post-thumbnail","hentry","dt_portfolio_category-24","description-off"],"_links":{"self":[{"href":"https:\/\/www.mpl2.fr\/index.php\/wp-json\/wp\/v2\/pages\/16","targetHints":{"allow":["GET"]}}],"collection":[{"href":"https:\/\/www.mpl2.fr\/index.php\/wp-json\/wp\/v2\/pages"}],"about":[{"href":"https:\/\/www.mpl2.fr\/index.php\/wp-json\/wp\/v2\/types\/page"}],"author":[{"embeddable":true,"href":"https:\/\/www.mpl2.fr\/index.php\/wp-json\/wp\/v2\/users\/1"}],"replies":[{"embeddable":true,"href":"https:\/\/www.mpl2.fr\/index.php\/wp-json\/wp\/v2\/comments?post=16"}],"version-history":[{"count":16,"href":"https:\/\/www.mpl2.fr\/index.php\/wp-json\/wp\/v2\/pages\/16\/revisions"}],"predecessor-version":[{"id":2670,"href":"https:\/\/www.mpl2.fr\/index.php\/wp-json\/wp\/v2\/pages\/16\/revisions\/2670"}],"wp:featuredmedia":[{"embeddable":true,"href":"https:\/\/www.mpl2.fr\/index.php\/wp-json\/wp\/v2\/media\/2321"}],"wp:attachment":[{"href":"https:\/\/www.mpl2.fr\/index.php\/wp-json\/wp\/v2\/media?parent=16"}],"curies":[{"name":"wp","href":"https:\/\/api.w.org\/{rel}","templated":true}]}}